373 prime?
False
Is 5816659 composite?
True
Is 7044599 a prime number?
False
Is 1021997 composite?
True
Is 158372537 prime?
False
Is 1958041 a composite number?
False
Is 39385793 a composite number?
True
Is 143471083 a composite number?
True
Is 118374407 composite?
False
Is 22047797 a composite number?
False
Is 40558997 a prime number?
True
Is 741987289 a prime number?
True
Is 415350538 prime?
False
Is 15379913 composite?
False
Is 73032563 prime?
True
Is 677503589 a composite number?
True
Is 3009541 a prime number?
True
Is 8183051 a composite number?
False
Is 22368179 composite?
True
Is 2372665 a prime number?
False
Is 12462371 a composite number?
True
Is 1208017 composite?
False
Is 35184958 prime?
False
Is 1695797 a prime number?
True
Is 9901777 a composite number?
False
Is 2817701 a composite number?
False
Is 2197471 a composite number?
True
Is 211759 composite?
True
Is 39150457 prime?
False
Is 32309909 prime?
True
Is 86155 a composite number?
True
Is 132352993 prime?
False
Is 2756921 a prime number?
False
Is 165481517 a composite number?
False
Is 53971843 composite?
True
Is 134589047 prime?
True
Is 731574473 composite?
True
Is 16848959 a composite number?
True
Is 748295899 composite?
True
Is 8426731 composite?
False
Is 1089457 a prime number?
True
Is 389687 prime?
True
Is 83673599 a composite number?
True
Is 746464009 prime?
True
Is 12448433 a composite number?
False
Is 10751399 prime?
True
Is 7679797 composite?
False
Is 4645049 composite?
True
Is 87754943 prime?
False
Is 64001221 a composite number?
True
Is 2249927 a composite number?
True
Is 207739855 prime?
False
Is 9246071 prime?
True
Is 1360747 a prime number?
True
Is 21495787 a prime number?
True
Is 268715077 a composite number?
True
Is 484577 composite?
False
Is 106450261 composite?
True
Is 1751941 a prime number?
True
Is 19040093 a prime number?
True
Is 4394983 prime?
True
Is 2248901 prime?
True
Is 627396031 composite?
False
Is 182249419 prime?
False
Is 6160719 a prime number?
False
Is 73173251 composite?
False
Is 18134999 a composite number?
False
Is 1136115755 a prime number?
False
Is 271531846 prime?
False
Is 304583 a composite number?
True
Is 131725541 a prime number?
False
Is 36400003 composite?
False
Is 95059379 composite?
False
Is 284634521 composite?
False
Is 11864311 a composite number?
False
Is 21755617 composite?
True
Is 1846357 a composite number?
False
Is 171809 prime?
False
Is 493114 prime?
False
Is 20684695 composite?
True
Is 25893721 composite?
True
Is 74721569 prime?
False
Is 1644437 a prime number?
True
Is 1683707 a composite number?
True
Is 1096097 composite?
False
Is 2479111 prime?
False
Is 10055491 composite?
False
Is 90186301 prime?
True
Is 2764786 a prime number?
False
Is 20403401 a prime number?
True
Is 546509 a composite number?
False
Is 6477949 composite?
False
Is 181759159 prime?
False
Is 12585121 a prime number?
True
Is 12441259 a prime number?
False
Is 1314982 a prime number?
False
Is 21657011 composite?
False
Is 835166663 a prime number?
True
Is 413351 a prime number?
False
Is 497903 a composite number?
True
Is 840053 composite?
False
Is 1897379 composite?
True
Is 50933009 prime?
False
Is 13536947 a composite number?
True
Is 4273141 a composite number?
True
Is 294769 composite?
True
Is 581027 a composite number?
True
Is 1026166 prime?
False
Is 1558061 composite?
False
Is 200189833 a composite number?
True
Is 145651529 composite?
True
Is 2664533 a prime number?
True
Is 2402473 a composite number?
True
Is 55637509 a composite number?
False
Is 3205589 prime?
True
Is 39116011 composite?
True
Is 94361779 prime?
False
Is 565215223 composite?
False
Is 6022283 a composite number?
False
Is 12499919 a composite number?
False
Is 26263955 prime?
False
Is 2703949 composite?
True
Is 967222 a composite number?
True
Is 158951797 a composite number?
True
Is 3033847 a prime number?
True
Is 6654679 a composite number?
False
Is 22286689 a composite number?
False
Is 1458703 a composite number?
False
Is 269980847 a prime number?
True
Is 6241127 composite?
False
Is 83233253 a composite number?
False
Is 52837667 prime?
False
Is 31606797 a composite number?
True
Is 3044777 a prime number?
True
Is 7343159 composite?
False
Is 5587249 composite?
False
Is 1360851 a prime number?
False
Is 142309779 composite?
True
Is 45709123 composite?
True
Is 28816759 composite?
False
Is 9263567 a prime number?
True
Is 1280431 a composite number?
False
Is 145659653 a prime number?
True
Is 3562771 prime?
True
Is 12235121 a prime number?
False
Is 4725451 a composite number?
False
Is 9398738 a composite number?
True
Is 118533055 composite?
True
Is 779629 a composite number?
True
Is 2784739 a prime number?
False
Is 966559 prime?
False
Is 53011261 composite?
False
Is 413947511 prime?
True
Is 4413841 a prime number?
False
Is 160060799 composite?
True
Is 24695845 a composite number?
True
Is 423628741 a composite number?
False
Is 7958099 a composite number?
False
Is 84734183 prime?
True
Is 448611635 composite?
True
Is 35773327 a composite number?
True
Is 2019689 a composite number?
True
Is 529453 a prime number?
False
Is 2547397 a prime number?
True
Is 8009707 composite?
False
Is 15499183 a composite number?
True
Is 15155353 prime?
False
Is 45875591 a prime number?
True
Is 4028839 prime?
True
Is 12439103 a prime number?
False
Is 51163781 prime?
True
Is 20385299 a composite number?
True
Is 40424417 a prime number?
False
Is 14841443 prime?
False
Is 221319337 composite?
False
Is 6439819 composite?
False
Is 1407967 composite?
True
Is 2720293 a prime number?
False
Is 85272853 composite?
True
Is 617417 prime?
False
Is 827957 composite?
True
Is 47478649 prime?
True
Is 1868303 a prime number?
False
Is 8707183 prime?
True
Is 61057 a prime number?
True
Is 3075433 composite?
False
Is 6008069 a prime number?
False
Is 138834127 a prime number?
False
Is 956543 prime?
False
Is 37144049 composite?
False
Is 8240299 prime?
False
Is 9410539 a prime number?
True
Is 435817 a composite number?
False
Is 85174631 prime?
False
Is 103274483 prime?
False
Is 581645 composite?
True
Is 74176997 a prime number?
True
Is 1782427 a composite number?
True
Is 7686043 a composite number?
True
Is 1171679 composite?
True
Is 17572469 a prime number?
True
Is 4001797 composite?
True
Is 33163349 a composite number?
False
Is 123532217 composite?
True
Is 10596739 prime?
True
Is 6402139 a composite number?
False
Is 54328811 composite?
False
Is 284977087 a composite number?
True
Is 600983749 prime?
True
Is 1323349 a composite number?
False
Is 227954303 composite?
False
Is 134865145 composite?
True
Is 53765 a composite number?
True
Is 14108933 prime?
False
Is 687927 a prime number?
False
Is 10607629 a composite number?
True
Is 88635839 composite?
True
Is 2176757 prime?
False
Is 7896605 a composite number?
True
Is 101048957 a composite number?
False
Is 526315507 composite?
True
Is 4970657 a prime number?
True
Is 262326803 composite?
True
Is 52650551 composite?
False
Is 4604359 composite?
True
Is 162721901 composite?
False
Is 47721781 a prime number?
True
Is 36186799 a prime number?
False
Is 365423323 a composite number?
True
Is 2632379 a prime number?
True
Is 13616861 a prime number?
True
Is 241195931 a composite number?
True
Is 303069281 prime?
True
Is 62262881 a composite number?
False
Is 90757507 composite?
True
Is 1943544545 composite?
True
Is 500729 composite?
False
Is 10834643 a composite number?
False
Is 2370773 prime?
False
Is 1876879 a prime number?
False
Is 530641 a prime number?
True
Is 357842 composite?
True
Is 9131053 prime?
False
Is 46599521 prime?
True
Is 13573793 composite?
False
Is 168009731 prime?
False
Is 17189071 a composite number?
True
Is 889709167 prime?
True
Is 7046309 composite?
False
Is 1117521817 a prime number?
True
Is 40598889 prime?
False
Is 87157559 a prime number?
False
Is 9383893 composite?
True
Is 6000161 a composite number?
True
Is 1853521 composite?
True
Is 999253 a composite number?
True
Is 37190453 a prime number?
True
Is 1135819 prime?
True
Is 43533851 a prime number?
True
Is 14120471 a composite number?
True
Is 100279021 a composite number?
True
Is 309402787 a composite number?
True
Is 1852597 a prime number?
True
Is 33109277 prime?
False
Is 14028809 a composite number?
True
Is 15541057 a composite number?
Tr